e 5*g - 1 = -t*d - 12, -5*g + 2*d - 19 = 0. Give s(g).
5
Let s(u) = -8*u**2 - 2*u + 6. Suppose 4*x + 84 = -8*x. Let l(o) = 7*o**2 + o - 5. Let g(m) = x*l(m) - 6*s(m). What is g(2)?
5
Let l(x) = 5*x**2 - 1 - 3358*x + 3363*x + 2. Let k(q) = -6*q**2 - 6*q - 1. Let m(u) = 4*k(u) + 5*l(u). Suppose 4*v + 2 = -2. Calculate m(v).
1
Let x(b) = -2*b**2 + 10*b + 7. Let h(a) = a**2 - 10*a - 6. Let q(g) = -3*h(g) - 2*x(g). Determine q(-5).
-21
Let p(g) = -2*g**3 + 9*g**2 + 19*g + 3. Let b be p(6). Let s(q) = q**3 - 10*q**2 + 7*q + 11. What is s(b)?
-7
Let i(a) = a**2 - a + 22. Let q(m) = m**3 + 26*m**2 + 21*m - 100. Let v be q(-25). Give i(v).
22
Let h be (-7)/(42/(-24)) + -10. Let s(n) = -n**2 - 15*n - 3. Calculate s(h).
51
Let q(l) = 2*l**3 + l + 33 + 16*l**2 - 5 - 11 - 4. Let i be q(-8). Let z(v) = v**2 - 6*v - 1. Determine z(i).
-6
Let j be (-83)/(2/9 - (-88)/(-72)). Suppose -j + 78 = k. Let c(b) = -b - 3. Determine c(k).
2
Let t(i) be the second derivative of i**5/120 + i**4/8 + 5*i**3/2 - 14*i. Let u(p) be the second derivative of t(p). Calculate u(-3).
0
Let i be (-5)/(-10) + 98/16*4. Let h(w) = -2*w + 46. Give h(i).
-4
Let t(q) = 2*q + 9. Let x(h) = h**3 + 8*h**2 + 12*h - 8. Let n be x(-6). Give t(n).
-7
Let c(i) = 2*i**2 - 5*i - 2. Let f be ((-6)/9)/((-3)/18). Determine c(f).
10
Let s(i) = 3*i**3 + i**2 + i + 1. Let x(c) = -14*c**3 - 7*c**2 - 6*c - 4. Let q(o) = 5*s(o) + x(o). Suppose 4*m - 6 = m. Calculate q(m).
-1
Let h(i) = -7*i + 20. Let k(t) = -9*t + 24. Let b(d) = 5*h(d) - 4*k(d). Determine b(-11).
-7
Let i be 0 - 24 - (-2 - 0). Let l be -3 + (-12 - 0) + -4. Let u = l - i. Let z(x) = x**2 - 3*x - 4. Determine z(u).
-4
Let l be (-20)/(-35) - 124/(-28). Let x(q) = -q**3 + 4*q**2 + 3*q - 9. Calculate x(l).
-19
Let z = 222 + -216. Let t(j) = -j**2 + 5*j + 9. Determine t(z).
3
Suppose 3*z - 39 = -4*m, 3*z - 26 = z + 3*m. Let h(o) = -268*o + 22 + o**2 - 5 + 254*o. Give h(z).
4
Let y(f) = -22*f**2 + 12*f - 60. Let l(m) = 10*m**2 - 5*m + 30. Let i(d) = -13*l(d) - 6*y(d). Calculate i(6).
0
Let p(h) = h + 8. Let i be (-3)/(-12) - 17/4. Determine p(i).
4
Let s(r) = r**2 - 11*r + 8. Let m(t) be the second derivative of t**3/6 - t**2/2 + 2*t. Let k be m(10). Give s(k).
-10
Let w(y) = -108*y + 2. Let b be w(0). Let l(x) be the first derivative of 10 + x + 1/2*x**b. Determine l(-4).
-3
Let c(p) = p**2 - 5*p - 1. Let h be (3 + -1 + -1)*5. Determine c(h).
-1
Let p be (-2)/10 + 8/(-10) + -1. Let g(t) = t - 4*t**2 + 0*t**2 - 2 - t**2 + 4*t**2. Calculate g(p).
-8
Let g(u) = u**2 - 12*u + 24. Let j be g(10). Suppose j*l + 4*q = 4, 4*q = 2*l + l - 3. Let n(a) = -a**3 + 1. Give n(l).
0
Let o(t) = -t**3 - t**2 + 2. Let n(i) be the third derivative of -i**5/60 - 11*i**4/24 + 22*i**3/3 + 2*i**2 + 20*i. Let b be n(-14). Determine o(b).
-10
Let x(p) = -p**2 - 8*p - 2. Suppose 8*m - 29 = 4*t + 7*m, -3*m = 2*t + 11. Let o be (t - (4 + -2)) + 3. Determine x(o).
10
Suppose -5*m + 24*n + 135 = 19*n, 3*n = m - 37. Let k(a) = a - 29. Give k(m).
-7
Let l(x) = -10*x**3 + 26*x**2 - 27*x + 1. Let w be l(1). Let m(p) = 5*p + 17. Determine m(w).
-33
Let s(w) = -136*w - 130*w + 523*w - 128*w - 134*w + 5. Let j = 15 - 11. Determine s(j).
-15
Let g(h) be the first derivative of -h**2 + 8*h + 14. Give g(7).
-6
Let b(n) = -n**2 + n - 5. Suppose 2*g - 3*t = -2*g + 108, -5*t = 3*g - 110. Let y be g/(-12)*(-6)/5 + -3. Calculate b(y).
-5
Let t(s) be the second derivative of 5*s**3/6 - 4*s**2 + s - 302. What is t(0)?
-8
Let i(b) = b**2 - b + 1. Let j(u) = 2*u**2 + 3*u - 4. Let a(o) = o**2 - 15*o - 13. Let r = 25 - 9. Let s be a(r). Let h(p) = s*i(p) - j(p). What is h(5)?
2
Let w(c) be the third derivative of c**6/120 - c**5/15 - c**4/8 - c**3/3 + 5*c**2. Let a be 4/(-3 + 4) + -7 + 8. What is w(a)?
8
Let h be 8/(-1) + 976/122. Let c(z) = -z + 9 - 3 + 2. Determine c(h).
8
Let x(t) = 12*t + 11*t - 1 - 32*t + t**2 + 3 + 10*t. Let j(n) = n**3 + 3*n**2 - 2*n + 4. Let d be j(-4). Determine x(d).
14
Let g be ((-6)/(-16))/(6 + 3). Let j(m) be the third derivative of m**2 - 1/2*m**3 + g*m**4 + 0 + 0*m. Calculate j(-5).
-8
Let y(s) = -s**2 - 9*s + 12. Suppose 0 = 41*f - 8*f + 297. Determine y(f).
12
Let y(t) = 6*t**2 - 2*t - 21. Let o(s) = 5*s**2 - s - 17. Let w(m) = -5*o(m) + 4*y(m). Calculate w(2).
-9
Let v(t) = -t + 6. Let o(a) = a**3 - 4*a**2 - a - 1. Let u be (-3)/7 + 155/35. Let s be o(u). Determine v(s).
11
Let k(g) = -g - 2. Let r(f) = -f - 5. Let v = -7 - -12. Let u(j) = v*k(j) - 2*r(j). Suppose -11*n = -13*n - 8. What is u(n)?
12
Let t(j) = -51*j**3 - 2*j - 1. Suppose 0 = -s + 3*v - 1, -61*v + 60*v = 0. Determine t(s).
52
Let u(k) = k - 3. Let f = 29 - 26. Let y be u(f). Suppose y*v = 5*v - 25. Let p(q) = -3*q + 7. Give p(v).
-8
Let p(j) = 8*j - 123. Let v be p(16). Let b(r) be the second derivative of r + 0 + 1/20*r**v - 1/6*r**3 - 1/2*r**2 + 1/12*r**4. Give b(-1).
0
Let p(f) = f**3 - f**2 + 1. Let h(d) = 4*d**3 + 2*d**2 - 8*d + 9. Let i(c) = -h(c) + 5*p(c). Suppose -3*k + 4 = -11. Calculate i(k).
-14
Let r be 16/(-7) - 6/(-21). Let f(d) be the first derivative of 1/3*d**3 + 2*d**2 + 3*d - 15. What is f(r)?
-1
Let a(s) = -s**2 - 6*s - 3. Let f be (-1292)/532 + 3/7. What is a(f)?
5
Suppose 2*a - 11 = 9. Let r be (a/(-15) + (-1)/(-6))*-16. Let p(x) = -x**3 + 8*x**2 + x - 5. Calculate p(r).
3
Let a(q) = -57*q**2 + 25*q + 3. Let b(n) = -20*n**2 + 9*n + 1. Let f(u) = -6*a(u) + 17*b(u). Calculate f(1).
4
Let b(w) be the third derivative of -w**5/60 + w**4/6 - w**3/2 - 5*w**2 - 4*w. What is b(4)?
-3
Let r(h) = 2*h**3 + 6*h**2 - h - 11. Let l(f) = -f**3 + f**2 + f + 1. Let b(a) = -3*l(a) - r(a). Let n be (-36)/81 - 40/(-9) - -5. What is b(n)?
-10
Let g(o) be the first derivative of -2*o - 11*o**2 + 38 + 9*o**2 + o. Suppose f = -5*c, -2*c + 0*c = -f + 7. What is g(c)?
3
Let n(u) be the second derivative of -u**6/360 + 3*u**5/40 + u**4/12 + u**3 + 5*u. Let c(m) be the second derivative of n(m). Determine c(8).
10
Let x(p) = p**3 + 5*p**3 - 5*p**2 - 5*p**3 - 1 + 4*p. Let f = 52 - 23. Let n = f - 25. Determine x(n).
-1
Let o be ((-12)/20)/(7/(-35)). Let g(v) = -3 - 5*v + 3*v**2 - v - 2*v**2. Give g(o).
-12
Let w(t) be the second derivative of t**3 - t**2/2 - 4*t - 2. Give w(0).
-1
Let y(j) be the second derivative of -j**3/6 + j. Let a be -4*((-45)/10 - -3). Suppose a*m + 45 = 21*m. Determine y(m).
-3
Let j(i) = i**2 - 10*i + 6. Suppose -4*v = 4, -x - 4*v + 0 = -3. Calculate j(x).
-15
Let u(z) = 8*z - 20*z**2 + 7*z**2 + 12*z**2 + 13. Calculate u(10).
-7
Let w(d) be the second derivative of 0 + 1/2*d**2 - 7*d + 4/3*d**3. Give w(-1).
-7
Let z(k) = -2*k - 5. Let m be (-5)/(15/4)*1*-3. Suppose 3*w = 2*h + 27, m*h - w + 19 = -2*w. Determine z(h).
7
Let j be (-3)/24 + (-34)/(-16). Let f(s) = -3*s. Let c(w) = 4*w. Let h(b) = 4*c(b) + 5*f(b). Determine h(j).
2
Suppose -19*t + 16*t + 15 = 0. Let x(m) = 2*m - t*m - 3 - 1 + 2*m. Calculate x(0).
-4
Suppose 5 = s + 2*x, -22*s + 3*x - 18 = -20*s. Let d(a) = -a**3 - 4*a**2 - a - 1. Give d(s).
-7
Let z(p) = 2*p**3 - 5*p**2 + 3*p - 1. Suppose s - 2 = 0, -4*d - 7*s = -6*s - 14. Give z(d).
17
Let d(w) = -6*w - 1. Let l(a) = 11*a**2 - 11*a + 11. Let m(y) = 7*y**2 - 7*y + 7. Let k(j) = -5*l(j) + 8*m(j). Let z(c) = d(c) + k(c). Give z(7).
0
Let v be 39/26*8/(-3). Let m(d) = -5*d**2 + 7*d + 1. Let w(p) = p**2 - p - 1. Let j(k) = -m(k) - 6*w(k). What is j(v)?
-7
Suppose -i = -3*l + 29, i + 2*i = -4*l - 22. Let j(o) = -o**3 - 15*o**2 - 15*o - 18. Calculate j(i).
-4
Let b(u) be the second derivative of -u**5/10 + 2*u**4/3 - u**3 + 7*u**2/2 + 471*u. Calculate b(3).
7
Let p(n) = 5*n**2 - 32*n - 28. Let t(m) = m**2 + 1 - 141*m - 8 + 133*m. Let i(g) = -2*p(g) + 9*t(g). Calculate i(-7).
0
Let u(z) = 350*z - 114*z - 118*z + 26 - 114*z. Give u(-6).
2
Let z(y) = -y**2 + y. Let f be z(3). Let b(t) be the third derivative of 44*t**2 + 0 + 0*t + 7/24*t**4 + 7/6*t**3 + 1/60*t**5. Determine b(f).
1
Let t(f) be the second derivative of f**6/360 + f**5/20 - 7*f**4/24 + f**3 - 26*f. Let g(d) be the second derivative of t(d). Calculate g(-8).
9
Let u = 30 - 21. Let g(m) = 2*m**2 - 17*m - 2. What is g(u)?
7
Let g be (-14)/3 - (-1)/(-3). Let y(h) be the second derivative of h**4/12 + 5*h**3/6 + h**2 - 152*h. What is y(g)?
2
Let z be ((3 + -2)*0)/2. Suppose z = 5*m, 6*m = b + 2*m + 3. Let r(j)